ivisor of 126 and 4019148?
126
Calculate the greatest common factor of 180 and 1908.
36
What is the greatest common factor of 861 and 6919570?
287
What is the greatest common factor of 5992 and 7112?
56
What is the greatest common divisor of 845 and 262964?
169
What is the greatest common divisor of 56 and 184856?
56
Calculate the greatest common divisor of 21 and 260561.
7
What is the highest common divisor of 40 and 37580?
20
Calculate the greatest common divisor of 4725 and 20115.
135
What is the greatest common divisor of 265 and 75896?
53
Calculate the highest common divisor of 52094 and 2135.
427
Calculate the greatest common divisor of 8784 and 5274.
18
What is the greatest common factor of 38 and 541538?
38
Calculate the greatest common factor of 801420 and 6105.
555
Calculate the greatest common factor of 15191 and 1177.
11
What is the highest common divisor of 55296 and 297?
27
What is the highest common factor of 900 and 55?
5
What is the greatest common divisor of 205 and 5371?
41
Calculate the greatest common factor of 22764 and 273.
21
What is the highest common divisor of 17719 and 606535?
1363
What is the highest common divisor of 109275 and 1488?
93
What is the highest common factor of 6744619 and 7?
7
Calculate the greatest common divisor of 800 and 219850.
50
What is the highest common divisor of 484 and 416460?
44
What is the highest common divisor of 1199514 and 186?
186
What is the highest common divisor of 245088 and 168?
24
What is the highest common divisor of 2496 and 56640?
192
What is the greatest common factor of 660 and 2044240?
220
What is the highest common factor of 25 and 865?
5
Calculate the highest common factor of 16040 and 1120.
40
What is the greatest common factor of 13735 and 41615?
205
What is the highest common factor of 32818 and 244?
122
What is the greatest common divisor of 2827 and 257?
257
What is the greatest common divisor of 19503 and 27?
9
What is the highest common divisor of 57399 and 424?
53
Calculate the highest common factor of 164 and 26609.
41
Calculate the greatest common divisor of 111 and 197765.
37
Calculate the highest common factor of 20574 and 20193.
381
What is the greatest common divisor of 65 and 238589?
13
What is the greatest common divisor of 581072 and 368?
368
What is the greatest common divisor of 33663 and 168?
21
What is the greatest common divisor of 576627 and 146?
73
Calculate the highest common divisor of 13080 and 1800.
120
Calculate the greatest common divisor of 11819 and 1784.
223
What is the highest common factor of 888 and 176640?
24
What is the highest common divisor of 245 and 64729?
49
Calculate the greatest common factor of 3811 and 13802.
103
Calculate the greatest common divisor of 89700 and 520.
260
What is the highest common factor of 237592 and 1768?
136
Calculate the highest common factor of 86 and 46.
2
What is the greatest common factor of 94 and 458908?
94
Calculate the highest common divisor of 15410816 and 128.
128
Calculate the greatest common factor of 1785 and 10917.
3
What is the highest common factor of 500 and 29660?
20
What is the greatest common factor of 70 and 14530?
10
Calculate the highest common divisor of 275 and 979.
11
Calculate the highest common factor of 341797 and 106.
53
What is the greatest common divisor of 48836 and 238286?
842
What is the highest common factor of 132147 and 9?
9
Calculate the greatest common divisor of 382 and 382.
382
Calculate the highest common factor of 28382 and 552.
46
Calculate the greatest common divisor of 1253 and 1477.
7
What is the highest common divisor of 16 and 149680?
16
What is the highest common divisor of 54 and 328509?
27
Calculate the highest common factor of 8262 and 18054.
306
Calculate the greatest common factor of 3575 and 216931.
143
What is the highest common divisor of 9550 and 6112?
382
Calculate the greatest common factor of 82960 and 510.
170
What is the highest common factor of 12 and 195016?
4
What is the highest common divisor of 12 and 1473?
3
What is the greatest common factor of 310 and 1654?
2
What is the greatest common factor of 328824 and 468?
36
What is the highest common factor of 80 and 2110?
10
Calculate the greatest common factor of 174578 and 164.
82
Calculate the highest common factor of 72712 and 54832.
1192
Calculate the highest common divisor of 6987056 and 1312.
656
What is the highest common factor of 285 and 455145?
285
Calculate the highest common factor of 6305 and 845.
65
What is the highest common divisor of 13446 and 85988?
166
What is the greatest common divisor of 600 and 135480?
120
Calculate the greatest common factor of 12127977 and 9.
9
Calculate the highest common divisor of 38 and 26923.
19
What is the greatest common factor of 20 and 151588?
4
Calculate the greatest common factor of 63225 and 2475.
225
Calculate the greatest common factor of 25240 and 352.
8
Calculate the greatest common divisor of 470229 and 27.
3
Calculate the highest common factor of 121 and 4367.
11
What is the highest common divisor of 1021048 and 56?
56
Calculate the greatest common factor of 9887514 and 78.
78
What is the highest common divisor of 621 and 28221?
69
What is the greatest common divisor of 555191 and 13?
13
What is the highest common factor of 452256 and 1456?
112
What is the highest common divisor of 4605 and 2456?
307
Calculate the highest common divisor of 196 and 12299.
49
What is the highest common divisor of 761313 and 147?
147
What is the greatest common divisor of 1056 and 9740544?
1056
Calculate the greatest common divisor of 16 and 3760.
16
Calculate the greatest common factor of 38 and 112214.
38
What is the greatest common divisor of 520 and 2137720?
520
What is the highest common factor of 85 and 2315?
5
What is the highest common divisor of 440335 and 12075?
805
What is the greatest common divisor of 7891 and 195?
13
Calculate the greatest common divisor of 18 and 191184.
6
What is the greatest common divisor of 2003475 and 75?
75
What is the greatest common divisor of 935 and 37774?
187
Calculate the greatest common divisor of 1107 and 98064.
27
What is the greatest common divisor of 80 and 3240040?
40
What is the highest common divisor of 1283928 and 108?
12
Calculate the greatest common divisor of 7798 and 8302.
14
What is the highest common divisor of 2453522 and 82?
82
What is the greatest common factor of 5134 and 2686?
34
Calculate the highest common factor of 40 and 2565.
5
Calculate the highest common factor of 57 and 2677898.
19
What is the greatest common divisor of 110539 and 17779?
773
What is the highest common divisor of 14067 and 648?
27
Calculate the greatest common factor of 2413 and 266.
19
Calculate the greatest common divisor of 28386 and 5966.
38
What is the highest common divisor of 864 and 13308?
12
Calculate the greatest common factor of 18326 and 13838.
374
Calculate the greatest common divisor of 4104 and 16397.
19
What is the greatest common divisor of 7974 and 558?
18
What is the highest common factor of 365 and 496400?
365
What is the greatest common factor of 3 and 95028?
3
Calculate the greatest common factor of 23653 and 89271.
763
What is the greatest common factor of 12 and 129036?
12
What is the highest common factor of 1581 and 325159?
527
What is the highest common factor of 314985 and 830?
415
What is the greatest common divisor of 7491 and 6633?
33
What is the greatest common factor of 258 and 46526?
86
What is the greatest common factor of 3792 and 4984?
8
What is the highest common factor of 8468 and 13166?
58
Calculate the highest common divisor of 160 and 24112.
16
What is the highest common factor of 20 and 161790?
10
Calculate the greatest common factor of 88 and 21494.
22
Calculate the greatest common factor of 550 and 12584.
22
Calculate the greatest common divisor of 46163 and 1541.
67
Calculate the highest common factor of 6050 and 2536160.
1210
What is the highest common divisor of 16065 and 303660?
315
Calculate the highest common divisor of 4068 and 1764.
36
What is the greatest common factor of 1505 and 868686?
301
What is the highest common divisor of 3782 and 10553?
61
Calculate the greatest common factor of 33 and 97.
1
Calculate the highest common divisor of 29365 and 260